git of 7489?
9
What is the units digit of 15884?
4
What is the hundreds digit of 7090?
0
What is the tens digit of 1305?
0
What is the hundreds digit of 641?
6
What is the tens digit of 4392?
9
What is the tens digit of 9111?
1
What is the thousands digit of 50283?
0
What is the hundreds digit of 138?
1
What is the thousands digit of 1077?
1
What is the units digit of 8426?
6
What is the thousands digit of 6080?
6
What is the thousands digit of 17902?
7
What is the hundreds digit of 3468?
4
What is the thousands digit of 1586?
1
What is the units digit of 631?
1
What is the thousands digit of 24735?
4
What is the thousands digit of 5198?
5
What is the tens digit of 101524?
2
What is the ten thousands digit of 21273?
2
What is the tens digit of 63254?
5
What is the thousands digit of 32606?
2
What is the units digit of 27463?
3
What is the thousands digit of 109428?
9
What is the tens digit of 648?
4
What is the units digit of 540?
0
What is the tens digit of 154211?
1
What is the tens digit of 3578?
7
What is the thousands digit of 7148?
7
What is the ten thousands digit of 58762?
5
What is the units digit of 4116?
6
What is the thousands digit of 3042?
3
What is the hundreds digit of 26951?
9
What is the tens digit of 891?
9
What is the tens digit of 782?
8
What is the ten thousands digit of 11586?
1
What is the thousands digit of 7597?
7
What is the ten thousands digit of 23698?
2
What is the units digit of 486?
6
What is the hundreds digit of 5975?
9
What is the tens digit of 5704?
0
What is the tens digit of 7032?
3
What is the thousands digit of 2622?
2
What is the tens digit of 764?
6
What is the hundreds digit of 35229?
2
What is the thousands digit of 1764?
1
What is the tens digit of 593?
9
What is the tens digit of 886?
8
What is the tens digit of 9746?
4
What is the thousands digit of 16050?
6
What is the tens digit of 891?
9
What is the thousands digit of 1428?
1
What is the hundreds digit of 940?
9
What is the thousands digit of 104378?
4
What is the thousands digit of 33941?
3
What is the hundreds digit of 337?
3
What is the ten thousands digit of 29799?
2
What is the thousands digit of 4446?
4
What is the tens digit of 1348?
4
What is the tens digit of 853?
5
What is the hundreds digit of 43597?
5
What is the units digit of 6340?
0
What is the units digit of 1228?
8
What is the tens digit of 27416?
1
What is the hundreds digit of 36493?
4
What is the tens digit of 14942?
4
What is the units digit of 65720?
0
What is the ten thousands digit of 35948?
3
What is the units digit of 6137?
7
What is the hundreds digit of 4395?
3
What is the hundreds digit of 1333?
3
What is the thousands digit of 1111?
1
What is the thousands digit of 28831?
8
What is the hundreds digit of 2155?
1
What is the units digit of 948?
8
What is the hundreds digit of 6054?
0
What is the hundreds digit of 208?
2
What is the units digit of 94420?
0
What is the thousands digit of 2329?
2
What is the tens digit of 95557?
5
What is the units digit of 6286?
6
What is the units digit of 388?
8
What is the tens digit of 22299?
9
What is the thousands digit of 6268?
6
What is the units digit of 97844?
4
What is the thousands digit of 16231?
6
What is the units digit of 10928?
8
What is the tens digit of 810?
1
What is the units digit of 4640?
0
What is the units digit of 1170?
0
What is the hundreds digit of 106?
1
What is the units digit of 3072?
2
What is the thousands digit of 21650?
1
What is the tens digit of 5834?
3
What is the hundreds digit of 12463?
4
What is the tens digit of 5476?
7
What is the units digit of 750?
0
What is the units digit of 1988?
8
What is the tens digit of 33149?
4
What is the thousands digit of 1050?
1
What is the hundreds digit of 131858?
8
What is the thousands digit of 35926?
5
What is the hundreds digit of 8135?
1
What is the ten thousands digit of 56529?
5
What is the tens digit of 214?
1
What is the thousands digit of 6573?
6
What is the hundreds digit of 34961?
9
What is the thousands digit of 138098?
8
What is the hundreds digit of 5439?
4
What is the units digit of 44930?
0
What is the units digit of 978?
8
What is the ten thousands digit of 54090?
5
What is the thousands digit of 12832?
2
What is the thousands digit of 6137?
6
What is the hundreds digit of 5369?
3
What is the units digit of 3886?
6
What is the tens digit of 2442?
4
What is the units digit of 6750?
0
What is the tens digit of 10475?
7
What is the tens digit of 681?
8
What is the units digit of 14177?
7
What is the thousands digit of 7436?
7
What is the tens digit of 1067?
6
What is the thousands digit of 14749?
4
What is the tens digit of 16932?
3
What is the hundreds digit of 515?
5
What is the thousands digit of 54732?
4
What is the hundreds digit of 8568?
5
What is the units digit of 131?
1
What is the hundreds digit of 3436?
4
What is the hundreds digit of 73279?
2
What is the thousands digit of 5983?
5
What is the hundreds digit of 7369?
3
What is the units digit of 75692?
2
What is the units digit of 736?
6
What is the units digit of 968?
8
What is the units digit of 15426?
6
What is the units digit of 740?
0
What is the units digit of 23325?
5
What is the hundred thousands digit of 145000?
1
What is the hundreds digit of 7342?
3
What is the units digit of 4226?
6
What is the tens digit of 12440?
4
What is the hundreds digit of 2480?
4
What is the hundreds digit of 1471?
4
What is the hundreds digit of 83131?
1
What is the tens digit of 947?
4
What is the units digit of 45330?
0
What is the hundreds digit of 16387?
3
What is the ten thousands digit of 15724?
1
What is the hundreds digit of 965?
9
What is the tens digit of 321?
2
What is the units digit of 7585?
5
What is the units digit of 23305?
5
What is the units digit of 27926?
6
What is the units digit of 11507?
7
What is the units digit of 831?
1
What is the hundreds digit of 960?
9
What is the thousands digit of 11579?
1
What is the units digit of 1808?
8
What is the units digit of 3465?
5
What is the tens digit of 134293?
9
What is the tens digit of 3636?
3
What is the hundreds digit of 13620?
6
What is the units digit of 1181?
1
What is the tens digit of 62420?
2
What is the ten thousands digit of 16711?
1
What is the hundreds digit of 2070?
0
What is the tens digit of 15261?
6
What is the units digit of 729?
9
What is the units digit of 5474?
4
What is the units digit of 708?
8
What is the hundreds digit of 2004?
0
What is the tens digit of 737?
3
What is the tens digit of 1747?
4
What is the ten thousands digit of 120600?
2
What is the tens digit of 3295?
9
What is the units digit of 150?
0
What is the thousands digit of 1185?
1
What is the hundreds digit of 584?
5
What is the tens digit of 564?
6
What is the units digit of 4479?
9
What is the thousands digit of 19495?
9
What is the tens digit of 1273?
7
What is the units digit of 2408?
8
What is the units digit of 1282?
2
What is the thousands digit of 7658?
7
What is the tens digit of 21604?
0
What is the hundreds digit of 866?
8
What is the units digit of 114764?
4
What is the thousands digit of 14681?
4
What is the units digit of 6711?
1
What is the hundreds digit of 6057?
0
What is the thousands digit of 65383?
5
What is the hundreds digit of 1259?
2
What is the ten thousands digit of 80381?
8
What is the hundreds digit of 297?
2
What is the thousands digit of 36592?
6
What is the units digit of 32?
2
What is the thousands digit of 4034?
4
What is the thousands digit of 3301?
3
What is the tens digit of 1570?
7
What is the hundreds digit of 7597?
5
What is the ten thousands digit of 15526?
1
What is the hundreds digit of 75014?
0
What is the hundreds digit of 1280?
2
What is the units digit of 124?
4
What is the tens digit of 40177?
7
What is the thousands digit of 5935?
5
What is the units digit of 629?
9
What is the units digit of 4613?
3
What is the units digit of 1976?
6
What is the units digit of 1006?
6
What is the thousands digit of 2479?
2
What is the units digit of 4921?
1
What is the tens digit of 58282?
8
What is the units digit of 3814?
4
What is the hundreds digit of 586?
5
What is the hundreds digit of 3138?
1
What is the tens digit of 1487?
8
What is the units digit of 5586?
6
What is the hundreds digit of 6190?
1
What